e hundreds digit of 3248?
2
What is the ten thousands digit of 12352?
1
What is the tens digit of 1921?
2
What is the tens digit of 921?
2
What is the thousands digit of 92661?
2
What is the units digit of 113509?
9
What is the units digit of 1086?
6
What is the tens digit of 8417?
1
What is the thousands digit of 2711?
2
What is the tens digit of 34588?
8
What is the ten thousands digit of 64151?
6
What is the tens digit of 15800?
0
What is the hundreds digit of 13517?
5
What is the hundreds digit of 2535?
5
What is the thousands digit of 1560?
1
What is the hundreds digit of 139871?
8
What is the hundreds digit of 247?
2
What is the thousands digit of 6696?
6
What is the thousands digit of 7513?
7
What is the tens digit of 20564?
6
What is the thousands digit of 1526?
1
What is the tens digit of 8861?
6
What is the thousands digit of 2445?
2
What is the ten thousands digit of 21047?
2
What is the tens digit of 695?
9
What is the tens digit of 1956?
5
What is the tens digit of 9984?
8
What is the hundreds digit of 1277?
2
What is the units digit of 25844?
4
What is the hundreds digit of 12237?
2
What is the ten thousands digit of 30824?
3
What is the thousands digit of 13022?
3
What is the hundreds digit of 64245?
2
What is the tens digit of 115020?
2
What is the ten thousands digit of 15061?
1
What is the units digit of 962?
2
What is the tens digit of 9442?
4
What is the units digit of 4081?
1
What is the units digit of 4490?
0
What is the units digit of 70014?
4
What is the hundreds digit of 4834?
8
What is the tens digit of 358?
5
What is the tens digit of 7725?
2
What is the hundreds digit of 7768?
7
What is the hundreds digit of 8736?
7
What is the ten thousands digit of 110405?
1
What is the tens digit of 7354?
5
What is the ten thousands digit of 13640?
1
What is the units digit of 654?
4
What is the thousands digit of 2603?
2
What is the hundreds digit of 38341?
3
What is the hundreds digit of 29501?
5
What is the tens digit of 5677?
7
What is the units digit of 1689?
9
What is the thousands digit of 55071?
5
What is the tens digit of 14464?
6
What is the hundreds digit of 3491?
4
What is the hundreds digit of 625?
6
What is the tens digit of 12447?
4
What is the tens digit of 691?
9
What is the thousands digit of 28756?
8
What is the thousands digit of 15017?
5
What is the thousands digit of 4719?
4
What is the tens digit of 7835?
3
What is the hundreds digit of 83103?
1
What is the hundreds digit of 4887?
8
What is the units digit of 634?
4
What is the thousands digit of 1606?
1
What is the hundreds digit of 1453?
4
What is the hundreds digit of 57325?
3
What is the ten thousands digit of 34621?
3
What is the hundreds digit of 355?
3
What is the thousands digit of 4448?
4
What is the tens digit of 734?
3
What is the hundreds digit of 102359?
3
What is the tens digit of 10309?
0
What is the tens digit of 398?
9
What is the thousands digit of 7259?
7
What is the hundreds digit of 7961?
9
What is the hundreds digit of 16538?
5
What is the tens digit of 261?
6
What is the hundreds digit of 46395?
3
What is the hundreds digit of 2635?
6
What is the hundreds digit of 38649?
6
What is the hundreds digit of 5275?
2
What is the units digit of 22419?
9
What is the units digit of 674?
4
What is the tens digit of 599?
9
What is the hundreds digit of 21955?
9
What is the tens digit of 5059?
5
What is the tens digit of 38017?
1
What is the tens digit of 716?
1
What is the hundreds digit of 6136?
1
What is the thousands digit of 66502?
6
What is the hundreds digit of 464?
4
What is the tens digit of 1504?
0
What is the units digit of 744?
4
What is the units digit of 982?
2
What is the hundreds digit of 169?
1
What is the hundreds digit of 8925?
9
What is the tens digit of 3111?
1
What is the ten thousands digit of 37785?
3
What is the ten thousands digit of 28388?
2
What is the units digit of 24141?
1
What is the hundreds digit of 7964?
9
What is the tens digit of 5243?
4
What is the tens digit of 1899?
9
What is the units digit of 19872?
2
What is the tens digit of 511?
1
What is the tens digit of 4120?
2
What is the hundreds digit of 94095?
0
What is the units digit of 39558?
8
What is the units digit of 9739?
9
What is the tens digit of 1492?
9
What is the thousands digit of 1653?
1
What is the hundreds digit of 46083?
0
What is the tens digit of 1473?
7
What is the thousands digit of 4066?
4
What is the units digit of 2261?
1
What is the units digit of 260?
0
What is the thousands digit of 2579?
2
What is the hundreds digit of 13868?
8
What is the hundreds digit of 16741?
7
What is the tens digit of 9206?
0
What is the hundreds digit of 3792?
7
What is the ten thousands digit of 21048?
2
What is the thousands digit of 25858?
5
What is the tens digit of 717?
1
What is the hundreds digit of 214?
2
What is the thousands digit of 11348?
1
What is the units digit of 626?
6
What is the tens digit of 1296?
9
What is the ten thousands digit of 25463?
2
What is the thousands digit of 15649?
5
What is the thousands digit of 26307?
6
What is the units digit of 10732?
2
What is the thousands digit of 1945?
1
What is the ten thousands digit of 20683?
2
What is the hundreds digit of 2067?
0
What is the tens digit of 87?
8
What is the ten thousands digit of 28336?
2
What is the tens digit of 22621?
2
What is the hundreds digit of 4457?
4
What is the hundreds digit of 3297?
2
What is the units digit of 822?
2
What is the units digit of 720?
0
What is the thousands digit of 6922?
6
What is the hundreds digit of 554?
5
What is the hundreds digit of 5921?
9
What is the thousands digit of 125336?
5
What is the units digit of 64937?
7
What is the hundreds digit of 2643?
6
What is the tens digit of 597?
9
What is the units digit of 566?
6
What is the units digit of 3985?
5
What is the thousands digit of 44976?
4
What is the hundreds digit of 5314?
3
What is the units digit of 64806?
6
What is the thousands digit of 1652?
1
What is the tens digit of 35033?
3
What is the tens digit of 729?
2
What is the units digit of 251?
1
What is the hundreds digit of 7392?
3
What is the hundreds digit of 19215?
2
What is the hundreds digit of 2378?
3
What is the units digit of 190?
0
What is the hundreds digit of 1725?
7
What is the units digit of 9806?
6
What is the units digit of 24342?
2
What is the units digit of 31652?
2
What is the ten thousands digit of 77351?
7
What is the thousands digit of 27458?
7
What is the hundreds digit of 84149?
1
What is the units digit of 577?
7
What is the hundreds digit of 5341?
3
What is the tens digit of 1738?
3
What is the ten thousands digit of 28298?
2
What is the tens digit of 18597?
9
What is the units digit of 271?
1
What is the hundreds digit of 14076?
0
What is the units digit of 5455?
5
What is the hundreds digit of 10457?
4
What is the thousands digit of 1799?
1
What is the hundreds digit of 1495?
4
What is the ten thousands digit of 69147?
6
What is the hundreds digit of 277?
2
What is the hundreds digit of 7694?
6
What is the hundreds digit of 212?
2
What is the thousands digit of 16143?
6
What is the units digit of 56217?
7
What is the tens digit of 58379?
7
What is the thousands digit of 1863?
1
What is the hundreds digit of 7112?
1
What is the units digit of 6830?
0
What is the units digit of 2389?
9
What is the units digit of 26112?
2
What is the thousands digit of 23888?
3
What is the thousands digit of 5878?
5
What is the thousands digit of 72176?
2
What is the units digit of 9798?
8
What is the units digit of 866?
6
What is the tens digit of 66599?
9
What is the ten thousands digit of 31364?
3
What is the thousands digit of 17608?
7
What is the hundreds digit of 638?
6
What is the thousands digit of 3064?
3
What is the units digit of 1427?
7
What is the thousands digit of 1905?
1
What is the ten thousands digit of 91926?
9
What is the units digit of 1410?
0
What is the tens digit of 774?
7
What is the hundreds digit of 509?
5
What is the units digit of 7639?
9
What is the hundred thousands digit of 128526?
1
What is the tens digit of 804?
0
What is the units digit of 601?
1
What is the units digit of 3128?
8
What is the tens digit of 286?
8
What is the tens digit of 1451?
5
What is the thousands digit of 2447?
2
Wha